 = -86*y - 2766. What is u(-31)?
-100
Let a(q) = q**3 + 59*q**2 - 144*q - 1276. Give a(-61).
66
Let a(m) = 3*m**2 + 181*m - 133. Calculate a(-61).
-11
Let q(o) = -3*o**2 + 105*o - 650. What is q(27)?
-2
Let j(p) = 10*p**2 - 33*p + 30. Calculate j(1).
7
Let r(o) = o**3 - 15*o**2 - 14*o - 31. Calculate r(16).
1
Let v(k) = k**3 + 12*k**2 + 39*k + 75. Calculate v(-9).
-33
Let z(a) = -14*a + 493. Give z(22).
185
Let k(n) = -3*n**2 + 30. What is k(3)?
3
Let r(b) = -3*b**3 + 137*b**2 + 51*b - 238. Calculate r(46).
-8
Let i(j) = 3*j**3 + 5*j**2 + 51*j + 97. What is i(-2)?
-9
Let y(p) = -p**3 + 6*p**2 - 88*p + 400. What is y(5)?
-15
Let b(o) = o**3 - 19*o**2 + 87*o + 15. Determine b(9).
-12
Let t(x) = x**3 - 30*x**2 - 42*x + 314. What is t(31)?
-27
Let q(d) = 22*d + 44. What is q(6)?
176
Let s(c) = c**2 + 19*c + 28. Give s(-8).
-60
Let s(w) = -7*w + 321. Give s(49).
-22
Let c(i) = -6*i - 474. Calculate c(-98).
114
Let o(k) = -k**2 - 45*k + 15. What is o(-27)?
501
Let x(u) = 70*u - 384. Give x(5).
-34
Let d(g) = 143*g - 1715. Determine d(12).
1
Let i(q) = -851*q + 4188. Give i(5).
-67
Let t(b) = b**2 + 9*b - 89. Calculate t(-16).
23
Let o(l) = -l**2 - 311*l - 17202. What is o(-72)?
6
Let y(w) = -w**3 + 83*w**2 - 1603*w - 929. Give y(32).
-1
Let x(i) = i**3 + 9*i**2 - 4*i + 55. What is x(-9)?
91
Let r(s) = -5*s**2 + 286*s - 3818. Determine r(36).
-2
Let r(s) = -s**2 + 36*s - 21. Give r(35).
14
Let u(d) = -30*d - 158. Give u(-13).
232
Let g(a) = -5*a**3 + 44*a**2 - 53*a + 576. Calculate g(9).
18
Let b(z) = 6*z**3 - 5*z**2 + 11*z + 63. What is b(-3)?
-177
Let z(x) = x**3 - 489*x**2 + 1932*x + 8. Give z(4).
-24
Let k(j) = -j**3 + 31*j**2 + 177*j - 6. Determine k(-5).
9
Let m(i) = -2*i**2 - 34*i - 121. Give m(-4).
-17
Let t(x) = 41*x**3 - x**2 - x + 1. Calculate t(1).
40
Let g(m) = -m**2 + 27*m - 74. What is g(25)?
-24
Let q(d) = -730*d + 96364. Give q(132).
4
Let t(v) = 284*v + 1693. Give t(-6).
-11
Let m(k) = 181*k + 1055. Give m(-6).
-31
Let w(b) = 9*b**3 - 26*b**2 - 14*b + 34. Give w(3).
1
Let u(i) = 2*i**3 - i**2 + 9*i + 71. What is u(-5)?
-249
Let a(b) = -b**3 + 15*b**2 + 13*b + 269. What is a(17)?
-88
Let w(h) = 2*h**2 - 25*h + 54. Determine w(2).
12
Let z(j) = -3*j**2 - 31*j - 12. Determine z(-11).
-34
Let g(x) = 7*x**3 - 170*x**2 + 90*x - 1017. Calculate g(24).
-9
Let y(u) = 177*u + 1238. Determine y(-7).
-1
Let p(i) = 211*i**3 - 4*i + 3. Determine p(1).
210
Let x(r) = -r**3 - 107*r**2 + 38*r + 4063. What is x(-107)?
-3
Let z(x) = -4*x**2 - 10*x + 16. Determine z(7).
-250
Let m(b) = b**2 - 23*b - 475. What is m(35)?
-55
Let p(g) = -75*g**2 + 43*g + 123. Determine p(-1).
5
Let g(h) = -42*h**2 + 16*h - 1. What is g(3)?
-331
Let f(p) = 9*p**3 + 693*p**2 + 13*p + 959. What is f(-77)?
-42
Let r(l) = l**3 - 76*l**2 + 285*l + 195. What is r(72)?
-21
Let v(i) = 2*i**3 - 27*i**2 + 9*i - 201. Calculate v(13).
-253
Let p(n) = -1255*n + 134272. Give p(107).
-13
Let p(h) = 3*h**2 - 14*h + 49. Determine p(6).
73
Let x(q) = q**3 - 16*q**2 + 27*q + 17. Determine x(8).
-279
Let v(y) = y**3 - 38*y**2 - 2*y + 66. Calculate v(38).
-10
Let k(o) = 53*o - 3965. Calculate k(75).
10
Let i(s) = 79*s - 568. What is i(7)?
-15
Let r(h) = -18*h - 40. Calculate r(6).
-148
Let k(b) = -b**3 + 82*b**2 + 1571*b - 296. Calculate k(98).
-2
Let d(o) = -2*o**3 - 103*o**2 + 94*o + 2213. Determine d(-52).
29
Let s(k) = -k**3 + 15*k**2 - 20*k + 1058. Calculate s(17).
140
Let u(r) = -r**2 - 28*r - 125. Calculate u(-16).
67
Let s(u) = 13*u**2 - 224*u + 179. Determine s(16).
-77
Let l(x) = -425*x + 114749. Give l(270).
-1
Let k(t) = -295*t - 22716. Give k(-77).
-1
Let h(q) = 13*q - 78. What is h(1)?
-65
Let k(q) = -2*q**3 + 31*q**2 + 14*q + 47. Give k(16).
15
Let b(y) = 34*y - 455. Determine b(5).
-285
Let c(b) = b**3 + 22*b**2 - 11*b + 481. Calculate c(-23).
205
Let h(l) = -56*l - 706. Calculate h(-15).
134
Let i(p) = p**3 + 41*p**2 - 1238*p + 352. Determine i(20).
-8
Let p(y) = -7*y + 105. Determine p(14).
7
Let n(g) = -2*g**3 + 31*g**2 + 11*g + 54. Give n(16).
-26
Let h(p) = -48*p - 40. Give h(-2).
56
Let q(t) = -t**3 + 93*t**2 - 92*t + 13. Give q(92).
13
Let t(p) = -p**3 + 8*p - 3. Give t(-4).
29
Let g(p) = p**3 - 9*p**2 + 20*p + 122. What is g(8)?
218
Let x(m) = -110*m**2 + 9*m + 38. Calculate x(-3).
-979
Let w(s) = -s - 154. Calculate w(-20).
-134
Let t(g) = -9*g**3 + 3*g**2 + 8*g - 17. Determine t(5).
-1027
Let f(j) = j**3 - 9*j**2 - 110*j + 1. Give f(-7).
-13
Let p(a) = 37*a**2 - 22*a + 39. Calculate p(4).
543
Let m(d) = -4*d**2 + 51*d - 19. Give m(10).
91
Let y(i) = -i**2 - 34*i - 33. Determine y(-31).
60
Let p(h) = -74*h + 274. Calculate p(0).
274
Let u(k) = k + 21. Determine u(-10).
11
Let w(j) = -j**2 - 107*j - 2266. What is w(-78)?
-4
Let k(o) = 6*o - 121. Calculate k(-22).
-253
Let s(b) = -b**3 - 16*b**2 + 66*b + 163. Give s(-19).
-8
Let v(y) = 12664*y + 63286. Determine v(-5).
-34
Let f(q) = -q**3 + 4*q**2 + 37*q - 45. Calculate f(6).
105
Let f(h) = h**3 + 15*h**2 + 9*h - 233. Give f(-13).
-12
Let m(y) = 4*y**3 - 24*y**2 - 10. What is m(0)?
-10
Let x(v) = v**2 + 3064*v + 36622. Calculate x(-12).
-2
Let z(n) = -n + 67. Give z(34).
33
Let i(w) = 28047*w - 168291. What is i(6)?
-9
Let q(w) = 381*w**2 - 4568*w - 59. Calculate q(12).
-11
Let l(t) = -17*t**2 + 41*t + 161. Determine l(-4).
-275
Let m(d) = -33*d - 375. Determine m(-14).
87
Let g(w) = -w**3 - 8*w**2 - 33*w - 129. Give g(-6).
-3
Let s(v) = v**3 - 190*v**2 + 2636*v - 1925. Calculate s(175).
0
Let z(v) = v**2 + 6*v + 7. Determine z(5).
62
Let r(u) = 2*u**3 - 18*u**2 - 61*u - 146. What is r(12)?
-14
Let j(v) = v**2 + 22*v - 615. Calculate j(16).
-7
Let o(r) = 2*r**3 + 2*r**2 + 445*r - 887. Calculate o(2).
27
Let w(l) = l**3 - 23*l**2 - 32*l + 188. Give w(24).
-4
Let v(z) = z**3 - 5*z**2 - 6*z + 6. Determine v(6).
6
Let a(s) = 32*s - 245. Determine a(7).
-21
Let n(k) = -602*k - 4216. What is n(-7)?
-2
Let d(m) = -16*m**2 - 308*m - 306. Give d(-1).
-14
Let r(z) = -2*z**3 + 9*z**2 - 4*z + 4. What is r(1)?
7
Let c(y) = y**3 - 6*y**2 - 16*y - 260. Give c(10).
-20
Let t(f) = -2*f**3 + 104*f**2 + 95*f + 548. Calculate t(53).
-35
Let b(s) = -s**3 - 8*s**2 - 30*s - 692. Give b(-11).
1
Let r(h) = h**2 - 47*h + 129. Calculate r(3).
-3
Let u(g) = 7*g - 3. Determine u(8).
53
Let i(z) = 4*z**2 + 435*z - 564. Calculate i(-110).
-14
Let t(a) = a**3 - 4*a**2 + 20*a + 57. Calculate t(0).
57
Let o(w) = 19*w**3 + 4604*w + 4605. Determine o(-1).
-18
Let u(o) = 7*o**2 + 2168*o - 36477. Determine u(16).
3
Let t(d) = 6*d**2 - 183*d + 31. Give t(24).
-905
Let d(f) = 35*f + 1337. What is d(-38)?
7
Let x(i) = -3*i**2 + 45*i - 38. Give x(16).
-86
Let g(u) = 98*u + 2669. Give g(-24).
317
Let b(y) = -191*y**2 + 63*y + 4. What is b(0)?
4
Let l(v) = -v**2 + 4*v + 332. What is l(20)?
12
Let f(n) = 814*n + 4892. What is f(-6)?
8
Let q(u) = 8586*u - 60097. What is q(7)?
5
Let q(j) = -209*j + 1697. Determine q(8).
25
Let x(z) = z**3 + 14*z**2 - 6*z + 132. Calculate x(-15).
-3
Let d(i) = -i**3 - 34*i**2 - 73*i - 253. Calculate d(-32).
35
Let n(b) = 2*b**3 - 380*b**2 + 3930*b + 1435. Determine n(179).
3
Let k(d) = 45*d + 28. Give k(-3).
-107
Let v(l) = -2*l**2 + 88*l - 1044. What is v(15)?
-174
Let t(z) = 2*z**2 - 108*z + 568. What is t(48)?
-8
Let b(j) = -38*j**2 - 3118*j - 159. Give b(-82).
5
Let j(c) = -c**2 + 187*c + 1562. Determine j(-8).
2
Let d(q) = -q**3 + 9*q**2 - 15*q + 136. Determine d(9).
1
Let a(w) = -530*w - 7944. Determine a(-15).
6
Let p(y) = -y**2 - 1713*y + 17227. Determine p(10).
-3
Let c(y) = -2355*y + 6978. Give c(3).
-87
Let b(t) = 12*t**2 - 17*t + 40. Give b(3).
97
Let a(p) = -2*p**2 - 18*p + 68. Calculate a(5).
-72
Let n(a) = -a**3 - 7*a**2 + 5*a - 7. Calculate n(-5).
-82
Let m(n) = 344*n - 2072. What is m(6)?
-8
Let c(i) = i**2 + 59*i + 306. What is c(-55)?
86
Let i(w) = 917*w + 90787. Give i(-99).
4
Let n(k) = -194*k - 765. Give n(-4).
11
Let i(g) = 3*g**2 + 287*g - 1001. Determine i(-99).
-11
Let f(u) = -u**2 + 17*u + 308. Determine f(28).
0
Let d(n) = -5*n**2 + 6*n - 3. Calculate d(2).
-11
Let x(q) = q**2 + 132*q - 15246. What is x(-206)?
-2
Let y(f) = f**3 + 3*f**2 + 18*f + 30. Give y(-7).
-292
Let w(i) = -i**2 - 62*i - 222. Calculate w(-41).
639
Let g(d) = 143*d + 1446. Determine g(-10).
16
Let r(k) = k**3 + 167*k**2 + 12*k + 2